
10
Let i(r) = 4*r**2 - 5*r - 4. Let m(d) = 2*d - 2. Let t be m(3). Let u be i(t). Let z = 136 - 36. What is the greatest common divisor of z and u?
20
Suppose 2*q = 10 - 4. Let v(t) = 41*t**2 + t. Let i be v(-1). Let x be (18/5)/(6/i). What is the greatest common divisor of x and q?
3
Let g = -5 - -1. Let x be 18/g*(-10)/15. Suppose 2*b + 8 = 0, -4*f - f + 112 = 2*b. What is the highest common factor of x and f?
3
Suppose 4*d - 11 = -3, -4*d - 2 = -5*g. Calculate the greatest common divisor of 14 and g.
2
Suppose -5*p - 3*k + 275 = 0, -p - 131 = -4*p + 5*k. What is the highest common divisor of p and 13?
13
Suppose 0 = -p - p. Let n(o) = 6*o + p - o + 0 + 2. Let a be n(8). Calculate the highest common divisor of 14 and a.
14
Suppose 2*k - 92 = -2*k. Suppose k*a - 21*a = 224. Calculate the highest common divisor of 14 and a.
14
Let m(r) = 3*r + 8. Let o be m(-6). Let j be (1 + 0)/((-2)/o). Let k be (5/(-5))/((-1)/j). Calculate the highest common divisor of k and 20.
5
Let x(j) = 5*j**2 + 2. Let l be 49/(-14)*4/(-7). Let d be x(l). What is the greatest common factor of d and 198?
22
Suppose 104 = 2*d - 3*a, -5*d + 2*a + 270 = -3*a. Let i = -16 + d. What is the greatest common divisor of 14 and i?
14
Suppose j + 2 = -3. Let a = 3 - j. Calculate the greatest common divisor of a and 56.
8
Let w(z) = 28*z**2 + 2*z + 1. Let o(a) = a. Let i be o(2). Let s be w(i). Calculate the greatest common divisor of 13 and s.
13
Suppose 3*z - 5*y - 14 = -10*y, -4*z + 3*y + 38 = 0. Calculate the greatest common factor of z and 32.
8
Let u(f) = f**2 - 10*f + 8. Let h be u(16). What is the greatest common factor of 78 and h?
26
Let a be 30/1 + -2 - 28/(-7). What is the highest common factor of 64 and a?
32
Let b(p) = p**3 + 9*p**2 + 6*p - 9. Let v be b(-8). Calculate the greatest common factor of 7 and v.
7
Suppose -4*b = -5*u - 7*b + 134, 0 = -4*u - 2*b + 108. Suppose -3*t + 15 + 11 = -w, -4*t = 2*w - u. What is the greatest common divisor of t and 24?
8
Let l = 6 - 4. Suppose 4*p - 4*n = 8, -4*p - 4 = -2*n - l. Let w be (-18)/(p + 2 + -1). What is the greatest common factor of 18 and w?
9
Let p be (-40)/(-1) - 0/1. Suppose l + p = -5. Let f be (-710)/l - (-2)/9. What is the greatest common factor of 40 and f?
8
Let d be (-27)/(-2) + (-3)/6. Let w = d - 9. What is the greatest common divisor of w and 44?
4
Suppose -4*u = 0, -l - 4*u + 5*u = -253. Calculate the highest common divisor of l and 23.
23
Let q(j) = -j**3 - 7*j**2 + 7*j - 6. Let d be q(-8). Let u be (d/(-2))/(2 - 3). Suppose -3*v + 19 = 4. What is the highest common factor of v and u?
1
Let y be (48/36)/((-2)/(-30)). What is the greatest common divisor of y and 4?
4
Let t = 22 - 4. Let r be (16/20)/((-6)/(-15)). What is the greatest common divisor of r and t?
2
Let k(g) = -g - 4*g + 0 - 3 + 4*g. Let u be k(-7). Let z be 66/(-1)*(3 - u). Calculate the greatest common divisor of 6 and z.
6
Suppose -4*j = -j + 3*y - 168, 128 = 3*j - 5*y. Suppose -32 = -3*f - 5*t + 19, -17 = -f - t. Calculate the highest common factor of j and f.
17
Let w be -4 - (-4 + (2 - 3)) - -44. Let s(m) = 3*m - 9. Let x be s(6). What is the greatest common factor of x and w?
9
Suppose -3*x + x = -16. Let b be 2 + (-3 - -1) + 0. Let m = b + 80. What is the greatest common divisor of m and x?
8
Suppose 1 + 17 = 2*k. Calculate the greatest common divisor of k and 9.
9
Let b be 2569/14 + 6 - 1/2. Let f be 7/2*8 + -1. Calculate the greatest common factor of f and b.
27
Let m = -1 + 3. Let l(h) = 3*h + 8. Let f be l(-6). Let c be ((-48)/f)/((-3)/(-10)). What is the highest common divisor of c and m?
2
Suppose -2*p - 6 = -5*p. Suppose -2*y = -p*d + 128, y = d - y - 66. Suppose -3*t + d - 2 = 2*r, t - 5*r - 20 = 0. What is the highest common factor of t and 50?
10
Let g be (4/(-6))/(3/(-207)). Let b be -2 - ((0 - 1) + -70). Calculate the highest common factor of g and b.
23
Let h(x) = 4*x**2 - 3*x. Let m be h(-3). Calculate the greatest common divisor of 225 and m.
45
Suppose 0*f + 447 = 3*f + 3*j, 0 = 5*f - 4*j - 700. Calculate the highest common factor of f and 18.
18
Suppose 8*i - 23 = 3*i - f, -3*i = 5*f - 27. Suppose 2*g - i*u - 42 = g, -g + 5*u = -46. Calculate the highest common factor of g and 13.
13
Let a(u) = -u**2 + 11*u - 2. Let q be a(5). Calculate the greatest common factor of 8 and q.
4
Suppose -4*o + 3*o - 1 = 0. Let p be 1*10 + -1 - o. Calculate the highest common divisor of p and 5.
5
Let v be 1000/56 - 1/(-7). Calculate the highest common factor of 6 and v.
6
Suppose -5*m = 3*z - 145, 4*m - 3*z = 156 - 13. Suppose -2*c - m = -n - c, -8 = 2*c. What is the greatest common divisor of n and 70?
14
Suppose -4*j + 32 + 0 = 0. What is the highest common factor of 16 and j?
8
Let d = 17 + -18. Let u = 14 + d. What is the highest common factor of u and 78?
13
Let r(j) = j + 6. Let g be r(-2). Calculate the highest common factor of g and 12.
4
Let i = 22 - 20. Suppose -i*s + 8 = -20. What is the greatest common divisor of s and 98?
14
Let t be 54*(-2)/(-2) + -2. Suppose 5*l = 0, 0*r - 5*l = 3*r - 15. Suppose -4*o + 57 - r = 0. What is the highest common factor of o and t?
13
Let l be (0 + 2)*6/4. Suppose l*i = 4*i - 14. Calculate the highest common factor of 7 and i.
7
Let a = -175 + 463. What is the greatest common factor of a and 36?
36
Suppose 4*o + 21 + 19 = 4*x, 2*o + 2*x = -12. Let p(g) = g**3 + 9*g**2 + 5*g - 9. Let b be p(o). What is the greatest common factor of 45 and b?
15
Let l = -31 + 47. Let t(m) = m**3 - 17*m**2 + 18*m + 19. Let i be t(l). Calculate the greatest common divisor of i and 17.
17
Let q(k) = 7*k + 9. Let o be q(7). Let m = o - 28. Let z(s) = 2*s**2 - 8*s - 4. Let v be z(6). Calculate the highest common divisor of m and v.
10
Let g = -10 + 15. Suppose 73 = 3*y - 2*s, 3*y - 41 - 29 = g*s. What is the highest common factor of 10 and y?
5
Suppose -s = -6*s - 15. Let y(q) = -3*q**3 - 2*q - 3. Let u be y(s). Let x be 38/3 + (-4)/6. What is the highest common divisor of u and x?
12
Let q be (-12 + 7 - 21/(-2))*8. Let h = 6 + -2. What is the greatest common factor of q and h?
4
Let p be 252/48*16/6. Calculate the greatest common factor of 7 and p.
7
Suppose -2*j + 10 = 0, 5*t - 292 - 423 = 4*j. Suppose -4*z + 61 + 15 = 4*c, -3*c = 5*z - 99. Calculate the highest common factor of t and z.
21
Let z(j) = j**3 + 6*j**2 - 5*j - 3. Let r be z(-6). Calculate the greatest common factor of 3 and r.
3
Let c(b) be the first derivative of -2*b**2 - 4. Let n be c(-6). What is the highest common factor of 16 and n?
8
Let a be (48/20)/((-9)/(-30)). What is the highest common divisor of a and 24?
8
Suppose 5*y = u - 12, -12 = 4*u - 5*u + 4*y. Let j be (12/(-15))/((-4)/300). What is the highest common divisor of u and j?
12
Suppose 0 = -j + 4, -3*t - 5*j + 2*j + 81 = 0. What is the highest common factor of 46 and t?
23
Suppose -69 - 51 = -2*r. What is the greatest common factor of 24 and r?
12
Let y(i) = i**2 + 3. Let l be y(-3). Let u(x) = 14*x**2 - 22 + x**3 - 3*x + 0*x + 4. Let v be u(-14). Calculate the greatest common divisor of v and l.
12
Let s(k) = 2*k**3 - 5*k**2 + k + 2. Let i be s(3). Let d = 53 + -25. What is the greatest common divisor of i and d?
14
Let i(a) = a**2 + 5*a + 3. Let b be i(-6). Calculate the highest common factor of 6 and b.
3
Let x = 14 + -2. Let j(m) = m**3 - 12*m**2 + 10. Let f be j(x). What is the highest common factor of f and 50?
10
Let n(k) = k**3 + 16. Let f = 8 - -2. Suppose -4*v = -0*b - 4*b - 8, v - 5*b - f = 0. Let o be n(v). What is the highest common divisor of 144 and o?
16
Let q be (4 - (-29 + 3))*4/6. Let j = -11 - -16. What is the highest common divisor of j and q?
5
Let s be 1*(-2 - -1 - -1). Suppose 5*z = 5*l - 0*z, s = -l + 4*z - 6. Suppose -y = y - l. What is the highest common factor of 5 and y?
1
Suppose 2*b + 3*m - 25 = 0, -3*b - 7*m + 2*m = -40. Calculate the highest common divisor of b and 2.
1
Let z = 82 - 71. Calculate the greatest common factor of z and 44.
11
Let b = 10 + -10. Suppose 4 = -b*h - h. Let g be ((-2)/h)/((-2)/(-756)). What is the greatest common factor of g and 21?
21
Let x be -9*-4*5/6. What is the highest common divisor of 15 and x?
15
Suppose 2*k - 2*g - 36 = -0*k, -2*k - g + 39 = 0. Calculate the greatest common divisor of k and 133.
19
Let z(f) = f**2